{"id":2500,"date":"2023-07-07T17:46:47","date_gmt":"2023-07-07T17:46:47","guid":{"rendered":"https:\/\/memorycafens.ca\/?page_id=2500"},"modified":"2026-08-20T17:26:57","modified_gmt":"2026-08-20T17:26:57","slug":"shelburne","status":"publish","type":"page","link":"https:\/\/memorycafens.ca\/fr\/memory-cafe-nova-scotia-locations\/shelburne\/","title":{"rendered":"Shelburne"},"content":{"rendered":"<figure data-animation-delay=\"0\" data-animation-duration=\"1\" itemscope itemtype=\"https:\/\/schema.org\/ImageObject\">\n\t\t\t\t\t<img decoding=\"async\" src=\"https:\/\/memorycafens.ca\/wp-content\/uploads\/2023\/07\/Shelburne-County-logo-web-main.png\" alt=\"Shelburne-County-logo-web-main\" height=\"70\" width=\"183\" title=\"Shelburne-County-logo-web-main\" onerror=\"this.style.display='none'\" loading=\"lazy\" \/>\n\t<\/figure>\n\t<h2><em><strong>A Memory Caf\u00e9 is happening in Shelburne!<\/strong><\/em><\/h2>\n<hr \/>\n<p>Cette r\u00e9gion proposera des Caf\u00e9s M\u00e9moire pendant l\u2019hiver et le printemps. Ce sont des rencontres sociales pour les personnes vivant avec des pertes de m\u00e9moire, accompagn\u00e9s de leurs aidants ou membres de famille. \nIls ont lieu dans un cadre accueillant o\u00f9 l\u2019on peut prendre un caf\u00e9 ou un th\u00e9, accompagn\u00e9 d\u2019une collation, et converser avec de nouveaux amis. Venez y rencontrer des artistes invit\u00e9s qui vous raconteront des histoires et partageront leur musique, leur po\u00e9sie ou leurs cr\u00e9ations artistiques. Vous \u00eates invit\u00e9s \u00e0 venir essayer -- aucune exp\u00e9rience pr\u00e9alable n\u2019est n\u00e9cessaire!<\/p>\n<p>Pour plus d\u2019informations appelez le (902) 875-3544 extension. 229;  courriel; <a href=\"\/fr\/&\/#x6d;&#x61;&#x69;&#x6c;&#x74;&#x6f;&#x3a;&#x4c;&#x69;&#x73;&#x61;&#46;&#76;&#111;&#99;&#107;&#101;&#64;minici&#x70;&#x61;&#x6c;&#x69;&#x74;&#x79;&#x6f;&#x66;&#x73;&#x68;&#x65;&#x6c;&#98;&#117;&#114;&#110;&#101;&#46;&#99;a\">Lis&#97;&#46;&#76;&#x6f;&#x63;&#x6b;&#x65;&#x40;&#x6d;ini&#99;&#105;&#112;&#97;&#x6c;&#x69;&#x74;&#x79;&#x6f;&#x66;she&#108;&#98;&#117;&#x72;&#x6e;&#x65;&#x2e;&#x63;&#x61;<\/a>.<\/p>\n<figure itemscope itemtype=\"https:\/\/schema.org\/ImageObject\">\n\t\t\t\t\t<img decoding=\"async\" src=\"https:\/\/memorycafens.ca\/wp-content\/uploads\/2026\/08\/Shelburne-Poster-26-27-v3.jpg\" alt=\"Shelburne Poster 26-27 v3\" height=\"2304\" width=\"1728\" title=\"Shelburne Poster 26-27 v3\" onerror=\"this.style.display='none'\" loading=\"lazy\" \/>\n\t<\/figure>\n\t<iframe src=\"https:\/\/www.google.com\/maps\/embed\/v1\/place?q=Roseway+Manor+1604+Lake+Road+Shelburne&#038;key=AIzaSyD09zQ9PNDNNy9TadMuzRV_UsPUoWKntt8\" aria-hidden=\"true\"><\/iframe>","protected":false},"excerpt":{"rendered":"<p>A Memory Caf\u00e9 is happening in Shelburne! Memory Cafes are social events held through winter and spring for individuals living with memory challenges along with their family members and care partners. Memory Caf\u00e9s are welcoming social spaces to enjoy coffee,&#8230; <\/p>\n<div class=\"readmore-section\"><a class=\"readmore-btn\" href=\"https:\/\/memorycafens.ca\/fr\/memory-cafe-nova-scotia-locations\/shelburne\/\">Continue reading <i class=\"fa fa-arrow-right\"><\/i><\/a><\/div>","protected":false},"author":1,"featured_media":0,"parent":45,"menu_order":5,"comment_status":"closed","ping_status":"closed","template":"","meta":{"footnotes":""},"folder":[99],"class_list":["post-2500","page","type-page","status-publish","hentry"],"yoast_head":"<!-- This site is optimized with the Yoast SEO plugin v28.4 - https:\/\/yoast.com\/product\/yoast-seo-wordpress\/ -->\n<title>Shelburne - Memory Caf\u00e9 NS<\/title>\n<meta name=\"robots\" content=\"index, follow, max-snippet:-1, max-image-preview:large, max-video-preview:-1\" \/>\n<link rel=\"canonical\" href=\"https:\/\/memorycafens.ca\/fr\/memory-cafe-nova-scotia-locations\/shelburne\/\" \/>\n<meta property=\"og:locale\" content=\"fr_CA\" \/>\n<meta property=\"og:type\" content=\"article\" \/>\n<meta property=\"og:title\" content=\"Shelburne - Memory Caf\u00e9 NS\" \/>\n<meta property=\"og:description\" content=\"A Memory Caf\u00e9 is happening in Shelburne! Memory Cafes are social events held through winter and spring for individuals living with memory challenges along with their family members and care partners. Memory Caf\u00e9s are welcoming social spaces to enjoy coffee,... Continue reading\" \/>\n<meta property=\"og:url\" content=\"https:\/\/memorycafens.ca\/fr\/memory-cafe-nova-scotia-locations\/shelburne\/\" \/>\n<meta property=\"og:site_name\" content=\"Memory Caf\u00e9 NS\" \/>\n<meta property=\"article:modified_time\" content=\"2026-08-20T17:26:57+00:00\" \/>\n<meta property=\"og:image\" content=\"https:\/\/memorycafens.ca\/wp-content\/uploads\/2023\/07\/Shelburne-County-logo-web-main.png\" \/>\n<meta name=\"twitter:card\" content=\"summary_large_image\" \/>\n<meta name=\"twitter:label1\" content=\"Estimation du temps de lecture\" \/>\n\t<meta name=\"twitter:data1\" content=\"2 minutes\" \/>\n<script type=\"application\/ld+json\" class=\"yoast-schema-graph\">{\"@context\":\"https:\\\/\\\/schema.org\",\"@graph\":[{\"@type\":\"WebPage\",\"@id\":\"https:\\\/\\\/memorycafens.ca\\\/memory-cafe-nova-scotia-locations\\\/shelburne\\\/\",\"url\":\"https:\\\/\\\/memorycafens.ca\\\/memory-cafe-nova-scotia-locations\\\/shelburne\\\/\",\"name\":\"Shelburne - Memory Caf\u00e9 NS\",\"isPartOf\":{\"@id\":\"https:\\\/\\\/memorycafens.ca\\\/#website\"},\"primaryImageOfPage\":{\"@id\":\"https:\\\/\\\/memorycafens.ca\\\/memory-cafe-nova-scotia-locations\\\/shelburne\\\/#primaryimage\"},\"image\":{\"@id\":\"https:\\\/\\\/memorycafens.ca\\\/memory-cafe-nova-scotia-locations\\\/shelburne\\\/#primaryimage\"},\"thumbnailUrl\":\"https:\\\/\\\/memorycafens.ca\\\/wp-content\\\/uploads\\\/2023\\\/07\\\/Shelburne-County-logo-web-main.png\",\"datePublished\":\"2023-07-07T17:46:47+00:00\",\"dateModified\":\"2026-08-20T17:26:57+00:00\",\"breadcrumb\":{\"@id\":\"https:\\\/\\\/memorycafens.ca\\\/memory-cafe-nova-scotia-locations\\\/shelburne\\\/#breadcrumb\"},\"inLanguage\":\"fr-CA\",\"potentialAction\":[{\"@type\":\"ReadAction\",\"target\":[\"https:\\\/\\\/memorycafens.ca\\\/memory-cafe-nova-scotia-locations\\\/shelburne\\\/\"]}]},{\"@type\":\"ImageObject\",\"inLanguage\":\"fr-CA\",\"@id\":\"https:\\\/\\\/memorycafens.ca\\\/memory-cafe-nova-scotia-locations\\\/shelburne\\\/#primaryimage\",\"url\":\"https:\\\/\\\/memorycafens.ca\\\/wp-content\\\/uploads\\\/2023\\\/07\\\/Shelburne-County-logo-web-main.png\",\"contentUrl\":\"https:\\\/\\\/memorycafens.ca\\\/wp-content\\\/uploads\\\/2023\\\/07\\\/Shelburne-County-logo-web-main.png\"},{\"@type\":\"BreadcrumbList\",\"@id\":\"https:\\\/\\\/memorycafens.ca\\\/memory-cafe-nova-scotia-locations\\\/shelburne\\\/#breadcrumb\",\"itemListElement\":[{\"@type\":\"ListItem\",\"position\":1,\"name\":\"Home\",\"item\":\"https:\\\/\\\/memorycafens.ca\\\/\"},{\"@type\":\"ListItem\",\"position\":2,\"name\":\"LOCATIONS MENU\",\"item\":\"https:\\\/\\\/memorycafens.ca\\\/memory-cafe-nova-scotia-locations\\\/\"},{\"@type\":\"ListItem\",\"position\":3,\"name\":\"Shelburne\"}]},{\"@type\":\"WebSite\",\"@id\":\"https:\\\/\\\/memorycafens.ca\\\/#website\",\"url\":\"https:\\\/\\\/memorycafens.ca\\\/\",\"name\":\"Memory Caf\u00e9s NS\",\"description\":\"Memory Caf\u00e9 NS\",\"publisher\":{\"@id\":\"https:\\\/\\\/memorycafens.ca\\\/#organization\"},\"potentialAction\":[{\"@type\":\"SearchAction\",\"target\":{\"@type\":\"EntryPoint\",\"urlTemplate\":\"https:\\\/\\\/memorycafens.ca\\\/?s={search_term_string}\"},\"query-input\":{\"@type\":\"PropertyValueSpecification\",\"valueRequired\":true,\"valueName\":\"search_term_string\"}}],\"inLanguage\":\"fr-CA\"},{\"@type\":\"Organization\",\"@id\":\"https:\\\/\\\/memorycafens.ca\\\/#organization\",\"name\":\"Memory Caf\u00e9 NS\",\"url\":\"https:\\\/\\\/memorycafens.ca\\\/\",\"logo\":{\"@type\":\"ImageObject\",\"inLanguage\":\"fr-CA\",\"@id\":\"https:\\\/\\\/memorycafens.ca\\\/#\\\/schema\\\/logo\\\/image\\\/\",\"url\":\"https:\\\/\\\/memorycafens.ca\\\/wp-content\\\/uploads\\\/2020\\\/02\\\/Tea-Cup-1-e1580588669255.png\",\"contentUrl\":\"https:\\\/\\\/memorycafens.ca\\\/wp-content\\\/uploads\\\/2020\\\/02\\\/Tea-Cup-1-e1580588669255.png\",\"width\":336,\"height\":137,\"caption\":\"Memory Caf\u00e9 NS\"},\"image\":{\"@id\":\"https:\\\/\\\/memorycafens.ca\\\/#\\\/schema\\\/logo\\\/image\\\/\"}}]}<\/script>\n<!-- \/ Yoast SEO plugin. -->","yoast_head_json":{"title":"Shelburne - Memory Caf\u00e9 NS","robots":{"index":"index","follow":"follow","max-snippet":"max-snippet:-1","max-image-preview":"max-image-preview:large","max-video-preview":"max-video-preview:-1"},"canonical":"https:\/\/memorycafens.ca\/fr\/memory-cafe-nova-scotia-locations\/shelburne\/","og_locale":"fr_CA","og_type":"article","og_title":"Shelburne - Memory Caf\u00e9 NS","og_description":"A Memory Caf\u00e9 is happening in Shelburne! Memory Cafes are social events held through winter and spring for individuals living with memory challenges along with their family members and care partners. Memory Caf\u00e9s are welcoming social spaces to enjoy coffee,... Continue reading","og_url":"https:\/\/memorycafens.ca\/fr\/memory-cafe-nova-scotia-locations\/shelburne\/","og_site_name":"Memory Caf\u00e9 NS","article_modified_time":"2026-08-20T17:26:57+00:00","og_image":[{"url":"https:\/\/memorycafens.ca\/wp-content\/uploads\/2023\/07\/Shelburne-County-logo-web-main.png","type":"","width":"","height":""}],"twitter_card":"summary_large_image","twitter_misc":{"Estimation du temps de lecture":"2 minutes"},"schema":{"@context":"https:\/\/schema.org","@graph":[{"@type":"WebPage","@id":"https:\/\/memorycafens.ca\/memory-cafe-nova-scotia-locations\/shelburne\/","url":"https:\/\/memorycafens.ca\/memory-cafe-nova-scotia-locations\/shelburne\/","name":"Shelburne - Memory Caf\u00e9 NS","isPartOf":{"@id":"https:\/\/memorycafens.ca\/#website"},"primaryImageOfPage":{"@id":"https:\/\/memorycafens.ca\/memory-cafe-nova-scotia-locations\/shelburne\/#primaryimage"},"image":{"@id":"https:\/\/memorycafens.ca\/memory-cafe-nova-scotia-locations\/shelburne\/#primaryimage"},"thumbnailUrl":"https:\/\/memorycafens.ca\/wp-content\/uploads\/2023\/07\/Shelburne-County-logo-web-main.png","datePublished":"2023-07-07T17:46:47+00:00","dateModified":"2026-08-20T17:26:57+00:00","breadcrumb":{"@id":"https:\/\/memorycafens.ca\/memory-cafe-nova-scotia-locations\/shelburne\/#breadcrumb"},"inLanguage":"fr-CA","potentialAction":[{"@type":"ReadAction","target":["https:\/\/memorycafens.ca\/memory-cafe-nova-scotia-locations\/shelburne\/"]}]},{"@type":"ImageObject","inLanguage":"fr-CA","@id":"https:\/\/memorycafens.ca\/memory-cafe-nova-scotia-locations\/shelburne\/#primaryimage","url":"https:\/\/memorycafens.ca\/wp-content\/uploads\/2023\/07\/Shelburne-County-logo-web-main.png","contentUrl":"https:\/\/memorycafens.ca\/wp-content\/uploads\/2023\/07\/Shelburne-County-logo-web-main.png"},{"@type":"BreadcrumbList","@id":"https:\/\/memorycafens.ca\/memory-cafe-nova-scotia-locations\/shelburne\/#breadcrumb","itemListElement":[{"@type":"ListItem","position":1,"name":"Home","item":"https:\/\/memorycafens.ca\/"},{"@type":"ListItem","position":2,"name":"LOCATIONS MENU","item":"https:\/\/memorycafens.ca\/memory-cafe-nova-scotia-locations\/"},{"@type":"ListItem","position":3,"name":"Shelburne"}]},{"@type":"WebSite","@id":"https:\/\/memorycafens.ca\/#website","url":"https:\/\/memorycafens.ca\/","name":"Memory Caf\u00e9s NS","description":"Memory Caf\u00e9 NS","publisher":{"@id":"https:\/\/memorycafens.ca\/#organization"},"potentialAction":[{"@type":"SearchAction","target":{"@type":"EntryPoint","urlTemplate":"https:\/\/memorycafens.ca\/?s={search_term_string}"},"query-input":{"@type":"PropertyValueSpecification","valueRequired":true,"valueName":"search_term_string"}}],"inLanguage":"fr-CA"},{"@type":"Organization","@id":"https:\/\/memorycafens.ca\/#organization","name":"Memory Caf\u00e9 NS","url":"https:\/\/memorycafens.ca\/","logo":{"@type":"ImageObject","inLanguage":"fr-CA","@id":"https:\/\/memorycafens.ca\/#\/schema\/logo\/image\/","url":"https:\/\/memorycafens.ca\/wp-content\/uploads\/2020\/02\/Tea-Cup-1-e1580588669255.png","contentUrl":"https:\/\/memorycafens.ca\/wp-content\/uploads\/2020\/02\/Tea-Cup-1-e1580588669255.png","width":336,"height":137,"caption":"Memory Caf\u00e9 NS"},"image":{"@id":"https:\/\/memorycafens.ca\/#\/schema\/logo\/image\/"}}]}},"_links":{"self":[{"href":"https:\/\/memorycafens.ca\/fr\/wp-json\/wp\/v2\/pages\/2500","targetHints":{"allow":["GET"]}}],"collection":[{"href":"https:\/\/memorycafens.ca\/fr\/wp-json\/wp\/v2\/pages"}],"about":[{"href":"https:\/\/memorycafens.ca\/fr\/wp-json\/wp\/v2\/types\/page"}],"author":[{"embeddable":true,"href":"https:\/\/memorycafens.ca\/fr\/wp-json\/wp\/v2\/users\/1"}],"replies":[{"embeddable":true,"href":"https:\/\/memorycafens.ca\/fr\/wp-json\/wp\/v2\/comments?post=2500"}],"version-history":[{"count":23,"href":"https:\/\/memorycafens.ca\/fr\/wp-json\/wp\/v2\/pages\/2500\/revisions"}],"predecessor-version":[{"id":3826,"href":"https:\/\/memorycafens.ca\/fr\/wp-json\/wp\/v2\/pages\/2500\/revisions\/3826"}],"up":[{"embeddable":true,"href":"https:\/\/memorycafens.ca\/fr\/wp-json\/wp\/v2\/pages\/45"}],"wp:attachment":[{"href":"https:\/\/memorycafens.ca\/fr\/wp-json\/wp\/v2\/media?parent=2500"}],"wp:term":[{"taxonomy":"folder","embeddable":true,"href":"https:\/\/memorycafens.ca\/fr\/wp-json\/wp\/v2\/folder?post=2500"}],"curies":[{"name":"wp","href":"https:\/\/api.w.org\/{rel}","templated":true}]}}

<figure data-animation-delay="0" data-animation-duration="1" itemscope itemtype="https://schema.org/ImageObject">
					<img decoding="async" src="https://memorycafens.ca/wp-content/uploads/2023/07/Shelburne-County-logo-web-main.png" alt="Shelburne-County-logo-web-main" height="70" width="183" title="Shelburne-County-logo-web-main" onerror="this.style.display='none'" loading="lazy" />
	</figure>
	<h2><em><strong>A Memory Café is happening in Shelburne!</strong></em></h2>
<hr />
<p>Cette région proposera des Cafés Mémoire pendant l’hiver et le printemps. Ce sont des rencontres sociales pour les personnes vivant avec des pertes de mémoire, accompagnés de leurs aidants ou membres de famille. 
Ils ont lieu dans un cadre accueillant où l’on peut prendre un café ou un thé, accompagné d’une collation, et converser avec de nouveaux amis. Venez y rencontrer des artistes invités qui vous raconteront des histoires et partageront leur musique, leur poésie ou leurs créations artistiques. Vous êtes invités à venir essayer -- aucune expérience préalable n’est nécessaire!</p>
<p>Pour plus d’informations appelez le (902) 875-3544 extension. 229;  courriel; <a href="/fr/&/#x6d;&#x61;&#x69;&#x6c;&#x74;&#x6f;&#x3a;&#x4c;&#x69;&#x73;&#x61;&#46;&#76;&#111;&#99;&#107;&#101;&#64;minici&#x70;&#x61;&#x6c;&#x69;&#x74;&#x79;&#x6f;&#x66;&#x73;&#x68;&#x65;&#x6c;&#98;&#117;&#114;&#110;&#101;&#46;&#99;a">Lis&#97;&#46;&#76;&#x6f;&#x63;&#x6b;&#x65;&#x40;&#x6d;ini&#99;&#105;&#112;&#97;&#x6c;&#x69;&#x74;&#x79;&#x6f;&#x66;she&#108;&#98;&#117;&#x72;&#x6e;&#x65;&#x2e;&#x63;&#x61;</a>.</p>
<figure itemscope itemtype="https://schema.org/ImageObject">
					<img decoding="async" src="https://memorycafens.ca/wp-content/uploads/2026/08/Shelburne-Poster-26-27-v3.jpg" alt="Shelburne Poster 26-27 v3" height="2304" width="1728" title="Shelburne Poster 26-27 v3" onerror="this.style.display='none'" loading="lazy" />
	</figure>
	<iframe src="https://www.google.com/maps/embed/v1/place?q=Roseway+Manor+1604+Lake+Road+Shelburne&#038;key=AIzaSyD09zQ9PNDNNy9TadMuzRV_UsPUoWKntt8" aria-hidden="true"></iframe>

<p>A Memory Café is happening in Shelburne! Memory Cafes are social events held through winter and spring for individuals living with memory challenges along with their family members and care partners. Memory Cafés are welcoming social spaces to enjoy coffee,&#8230; </p>
<div class="readmore-section"><a class="readmore-btn" href="https://memorycafens.ca/fr/memory-cafe-nova-scotia-locations/shelburne/">Continue reading <i class="fa fa-arrow-right"></i></a></div>

<!-- This site is optimized with the Yoast SEO plugin v28.4 - https://yoast.com/product/yoast-seo-wordpress/ -->
<title>Shelburne - Memory Café NS</title>
<meta name="robots" content="index, follow, max-snippet:-1, max-image-preview:large, max-video-preview:-1" />
<link rel="canonical" href="https://memorycafens.ca/fr/memory-cafe-nova-scotia-locations/shelburne/" />
<meta property="og:locale" content="fr_CA" />
<meta property="og:type" content="article" />
<meta property="og:title" content="Shelburne - Memory Café NS" />
<meta property="og:description" content="A Memory Café is happening in Shelburne! Memory Cafes are social events held through winter and spring for individuals living with memory challenges along with their family members and care partners. Memory Cafés are welcoming social spaces to enjoy coffee,... Continue reading" />
<meta property="og:url" content="https://memorycafens.ca/fr/memory-cafe-nova-scotia-locations/shelburne/" />
<meta property="og:site_name" content="Memory Café NS" />
<meta property="article:modified_time" content="2026-08-20T17:26:57+00:00" />
<meta property="og:image" content="https://memorycafens.ca/wp-content/uploads/2023/07/Shelburne-County-logo-web-main.png" />
<meta name="twitter:card" content="summary_large_image" />
<meta name="twitter:label1" content="Estimation du temps de lecture" />
	<meta name="twitter:data1" content="2 minutes" />
<script type="application/ld+json" class="yoast-schema-graph">{"@context":"https:\/\/schema.org","@graph":[{"@type":"WebPage","@id":"https:\/\/memorycafens.ca\/memory-cafe-nova-scotia-locations\/shelburne\/","url":"https:\/\/memorycafens.ca\/memory-cafe-nova-scotia-locations\/shelburne\/","name":"Shelburne - Memory Café NS","isPartOf":{"@id":"https:\/\/memorycafens.ca\/#website"},"primaryImageOfPage":{"@id":"https:\/\/memorycafens.ca\/memory-cafe-nova-scotia-locations\/shelburne\/#primaryimage"},"image":{"@id":"https:\/\/memorycafens.ca\/memory-cafe-nova-scotia-locations\/shelburne\/#primaryimage"},"thumbnailUrl":"https:\/\/memorycafens.ca\/wp-content\/uploads\/2023\/07\/Shelburne-County-logo-web-main.png","datePublished":"2023-07-07T17:46:47+00:00","dateModified":"2026-08-20T17:26:57+00:00","breadcrumb":{"@id":"https:\/\/memorycafens.ca\/memory-cafe-nova-scotia-locations\/shelburne\/#breadcrumb"},"inLanguage":"fr-CA","potentialAction":[{"@type":"ReadAction","target":["https:\/\/memorycafens.ca\/memory-cafe-nova-scotia-locations\/shelburne\/"]}]},{"@type":"ImageObject","inLanguage":"fr-CA","@id":"https:\/\/memorycafens.ca\/memory-cafe-nova-scotia-locations\/shelburne\/#primaryimage","url":"https:\/\/memorycafens.ca\/wp-content\/uploads\/2023\/07\/Shelburne-County-logo-web-main.png","contentUrl":"https:\/\/memorycafens.ca\/wp-content\/uploads\/2023\/07\/Shelburne-County-logo-web-main.png"},{"@type":"BreadcrumbList","@id":"https:\/\/memorycafens.ca\/memory-cafe-nova-scotia-locations\/shelburne\/#breadcrumb","itemListElement":[{"@type":"ListItem","position":1,"name":"Home","item":"https:\/\/memorycafens.ca\/"},{"@type":"ListItem","position":2,"name":"LOCATIONS MENU","item":"https:\/\/memorycafens.ca\/memory-cafe-nova-scotia-locations\/"},{"@type":"ListItem","position":3,"name":"Shelburne"}]},{"@type":"WebSite","@id":"https:\/\/memorycafens.ca\/#website","url":"https:\/\/memorycafens.ca\/","name":"Memory Cafés NS","description":"Memory Café NS","publisher":{"@id":"https:\/\/memorycafens.ca\/#organization"},"potentialAction":[{"@type":"SearchAction","target":{"@type":"EntryPoint","urlTemplate":"https:\/\/memorycafens.ca\/?s={search_term_string}"},"query-input":{"@type":"PropertyValueSpecification","valueRequired":true,"valueName":"search_term_string"}}],"inLanguage":"fr-CA"},{"@type":"Organization","@id":"https:\/\/memorycafens.ca\/#organization","name":"Memory Café NS","url":"https:\/\/memorycafens.ca\/","logo":{"@type":"ImageObject","inLanguage":"fr-CA","@id":"https:\/\/memorycafens.ca\/#\/schema\/logo\/image\/","url":"https:\/\/memorycafens.ca\/wp-content\/uploads\/2020\/02\/Tea-Cup-1-e1580588669255.png","contentUrl":"https:\/\/memorycafens.ca\/wp-content\/uploads\/2020\/02\/Tea-Cup-1-e1580588669255.png","width":336,"height":137,"caption":"Memory Café NS"},"image":{"@id":"https:\/\/memorycafens.ca\/#\/schema\/logo\/image\/"}}]}</script>
<!-- / Yoast SEO plugin. -->

Shelburne - Memory Café NS

A Memory Café is happening in Shelburne! Memory Cafes are social events held through winter and spring for individuals living with memory challenges along with their family members and care partners. Memory Cafés are welcoming social spaces to enjoy coffee,... Continue reading

Memory Café NS

Memory Cafés NS
